. Suppose -7 = h*o - 67. List the prime factors of o.
2, 3
What are the prime factors of 0 + 192/3 + -3?
61
Let v(p) = p**2 + 7*p - 7. Suppose 4*i + 0 = -8. Let r be 1/2 + 19/i. What are the prime factors of v(r)?
11
Suppose 4*w - 14 - 86 = 0. Let i = w + -13. List the prime factors of i.
2, 3
Let m = -9 - -5. What are the prime factors of 28/6 + m/6?
2
Let v(u) be the second derivative of -u**5/20 - 5*u**4/12 + 4*u**3/3 + 7*u**2/2 + u. List the prime factors of v(-7).
7
Let t = 5 + -5. Suppose t = d - 5, -y = -d - 2*d + 11. What are the prime factors of y?
2
Suppose 0*m = -4*m + 8. Let v be (2 - 3)*-1*m. What are the prime factors of (v + 0 + -8)*-2?
2, 3
Suppose -4*a - 11 + 31 = 0. Suppose a*s = 2*s + 12. What are the prime factors of s?
2
Let y(v) = -5*v + 5. Let p be y(2). Let u = 17 - p. List the prime factors of u.
2, 11
Let b(k) = 8*k + 2. Suppose -4*d + 6 = -2. List the prime factors of b(d).
2, 3
Let h = -11 - -3. Let f = -5 - h. Suppose -f*l = -2*l - 10. List the prime factors of l.
2, 5
Let n(f) = f**3 + 9*f**2 + f - 9. Let r be n(-9). List the prime factors of 20*(-11)/(165/r).
2, 3
Let i(k) = 1. Let r(q) = q - 2. Let s(b) = 3*i(b) + r(b). List the prime factors of s(12).
13
Let v(u) = 26*u**2 + 1. List the prime factors of v(-1).
3
Suppose 0 = -4*s - 2*p - 4 + 20, -s = -2*p - 4. What are the prime factors of s?
2
Let t(d) = d**2 - 8*d + 5. Let z be t(5). What are the prime factors of 9/((8/(-4))/z)?
3, 5
Suppose 0 = -2*q - 33 - 43. List the prime factors of (q/3)/(4/(-6)).
19
Let s(p) = 5*p**2 + 36. What are the prime factors of s(6)?
2, 3
Suppose 23 = 5*g - 37. List the prime factors of g.
2, 3
Let i(y) = 74*y - 10. Let r be i(11). Suppose -24 = -5*k - r. What are the prime factors of (-2)/(-9) - k/27?
2, 3
Let y(w) = -2*w**3 + w**2 + 3*w + 2. Let r be y(-1). Suppose a + 2*z - 8 = -0*z, -46 = -2*a + r*z. What are the prime factors of a?
2, 3
Suppose 0 = 5*g - 0 - 50. Suppose -2*a = -3*q + g + 45, 0 = -3*q + 4*a + 53. What are the prime factors of q?
19
Let m(w) = -2*w. Let k be m(-2). Suppose b = k*n + 20, 0 = -b - 0*n - n. List the prime factors of b.
2
Let n(b) = 7*b - 1. Let r(a) = a**3 - 8*a**2 + 8*a - 3. Let s be r(7). Suppose 2*j = 5*m - 0*m + 17, -s*j - 3*m = 5. What are the prime factors of n(j)?
2, 3
Let m(o) = -2*o + 6. Let s be m(4). Let w = 2 + s. Suppose w = -4*g - 0*g + 20. List the prime factors of g.
5
Let x be (-11)/(1 + 2 + -4). Suppose 2*t - 2*d = x + 25, -82 = -4*t - d. Let a = t + -12. What are the prime factors of a?
2
Let s = 55 + 77. List the prime factors of s.
2, 3, 11
Suppose i = -0*i + 1. Suppose -p - i = -0. Let y = 11 + p. What are the prime factors of y?
2, 5
Let u(o) be the second derivative of 5*o**4/4 + 2*o. What are the prime factors of u(1)?
3, 5
Let r = 30 + -2. What are the prime factors of r?
2, 7
Let h(k) = k**3 + 7*k**2 + 8*k + 6. What are the prime factors of h(-5)?
2
Let l = 202 - 118. What are the prime factors of l?
2, 3, 7
Let y = -9 - 7. List the prime factors of (-2)/4*(y + 6).
5
Let y(q) = 5*q - 5. List the prime factors of y(7).
2, 3, 5
Let x(o) be the second derivative of o**5/20 + 7*o**4/12 - o**3/6 + 5*o**2/2 + 7*o. What are the prime factors of x(-7)?
2, 3
Let u = 2 - -1. Suppose -m + 12 = u*m. Suppose -4*t + 40 = -m*g, -73 = -5*t - 2*g - 23. List the prime factors of t.
2, 5
Suppose -2*x + 14 = -20. List the prime factors of x.
17
Suppose -3*c - 25 = -4*q + 2*c, -2*q - 3*c - 15 = 0. Suppose -6*s + 3*s - 3 = 3*g, -4*g + 3*s + 24 = q. What are the prime factors of g?
3
Suppose -3*s + 25 = 2*s. Suppose -3*r = 4*p - 65, -3*r - 2*p = -s*p - 30. What are the prime factors of r?
3, 5
List the prime factors of (-10)/(-3)*(5 - 3 - -34).
2, 3, 5
Let x = -3 - -8. Let s = x - -3. List the prime factors of s.
2
Suppose 0 = -0*d + d. Suppose d = -2*c + 7 + 1. Suppose -36 = b - c*b. List the prime factors of b.
2, 3
Suppose n = 4*n - 156. List the prime factors of n.
2, 13
Let d be (-25)/(-35) - (-4)/14. Suppose -1 - d = -3*i - 4*s, i - 3*s = -8. List the prime factors of 2/(-3)*6/i.
2
Let x = 1 + 7. What are the prime factors of x?
2
Let p(m) = -5*m - 20. What are the prime factors of p(-10)?
2, 3, 5
Let h(b) = b**3 - b + 6. Let k = -12 - -17. Suppose -z = -k*z. What are the prime factors of h(z)?
2, 3
Suppose 3*g + 0*n + 3*n + 18 = 0, 13 = 2*g - 3*n. List the prime factors of -1 - (24*g - 3).
2, 13
Let s = 4 + -1. What are the prime factors of ((-8)/(-1))/(s - 2)?
2
Let h(a) = 6*a**2 - 3*a - 12. What are the prime factors of h(5)?
3, 41
Suppose -4*w = 4*u - 20, -u = -3*w - 6*u + 21. Suppose w*l = 4*l - 36. List the prime factors of l.
2, 3
Let s be (-6)/(-3) + -1*31. Suppose -11 - 7 = n. Let z = n - s. What are the prime factors of z?
11
Suppose -5*u = 63 + 2. Let y = u - -25. What are the prime factors of y?
2, 3
Let j be (0 - (-2 - -2))/2. Let a = j + -2. List the prime factors of a/3*1*-6.
2
Let u(w) = -w**2 - 5*w. Let m be u(-5). Let l = m - -9. What are the prime factors of l?
3
Suppose -2*z = -4*n + 352, 2*z - 197 = 3*z + 5*n. What are the prime factors of (-4)/(-26) - 3066/z?
17
Suppose v + 0*v - 19 = -4*z, 4*z = 3*v + 7. Suppose -3*k = 3, -4*f + 0 = v*k - 1. Suppose -4*p = -3*i - 43, -2*i - f - 9 = 0. List the prime factors of p.
7
Let s(b) = b - 4. Let i be s(8). Let x = 14 - i. What are the prime factors of x?
2, 5
Let z(m) = m**3 - m**2 + m + 29. Let x be z(0). Suppose 4*t - 7 = x. List the prime factors of t.
3
Let m be 25/10 + 3/6. Let z(u) = 2*u**2 - 4*u + 1. List the prime factors of z(m).
7
Let g(s) = 10 + 0*s - 2 - 5*s. What are the prime factors of g(-4)?
2, 7
Suppose 4*y - 260 = 4*h, 2*y - 3*h = 4*y - 135. What are the prime factors of y?
2, 3, 11
Suppose -2*w - w - 3*u = -6, 0 = 3*w - 4*u + 8. Let a = 6 - w. What are the prime factors of a?
2, 3
Suppose 4*u + 8 = -0. Let r be (-1)/(u*(-1)/(-8)). Suppose -2*i + r*i - z = 39, 2*z + 42 = 2*i. What are the prime factors of i?
2, 3
Suppose -4*h + 8 = -2*t, -3*t - 4*h + 4 = -7*t. Let q(m) = 12*m**2 + m + 2. Let r be q(-2). Suppose -t*d = d - r. What are the prime factors of d?
2
Suppose -3*w = 3*o - 9, -3*w + 12 = -4*o + w. Suppose a + j - 52 + 12 = o, 5*a + 2*j - 191 = 0. What are the prime factors of a?
37
Suppose 0 = -3*u + 154 + 164. List the prime factors of u.
2, 53
Let t(v) be the second derivative of -v**3/2 - 3*v**2 + 2*v. What are the prime factors of t(-6)?
2, 3
Suppose 2*r = -r + 183. List the prime factors of r.
61
Let s be 18/4*1*2. Suppose 0*y = -3*p - 3*y - 9, 0 = 2*p - y - s. What are the prime factors of ((-24)/(-9))/(p/3)?
2
Let v(x) = 26*x - 14. List the prime factors of v(4).
2, 3, 5
Let z be 248/(-12)*(-6)/4. Let r = z + -11. What are the prime factors of r?
2, 5
Suppose 2*n = -3*n - 2*h + 57, -3*n + 55 = -4*h. What are the prime factors of n?
13
Let a = 0 + 0. Suppose 4 = -a*l - l. Let j(y) = -y**3 - 4*y**2 - 2*y - 4. List the prime factors of j(l).
2
Suppose 6*m = 69 + 63. What are the prime factors of m?
2, 11
Let b(f) = -f + 10. Let t be b(10). Let l be 6/(-4) - (-1)/2. What are the prime factors of (t - l) + 4/2?
3
Let v(y) = -15*y - 15. List the prime factors of v(-7).
2, 3, 5
Let o(l) = l**3 + 4*l**2 - 5*l - 4. Suppose 2*y + 2 = -2, -9 = 5*d - 3*y. List the prime factors of o(d).
2, 5
Let y(z) = z**3 - 6*z**2 - 5*z + 38. What are the prime factors of y(7)?
2, 13
Let i(j) = -j**2 - 3*j + 5. Let u be i(-4). Let y = -4 + 14. Suppose d = -u + y. List the prime factors of d.
3
Suppose 2*y + 2 = -2*p, 2*p = -3*y - 0*p - 2. Suppose 8 = -y*g + 2*g. List the prime factors of (18/g)/((-1)/(-2)).
3
Let p = 31 + -15. Let r = 18 + p. What are the prime factors of r?
2, 17
Suppose -270 = 65*k - 68*k. List the prime factors of k.
2, 3, 5
List the prime factors of (-3)/3 - (-3 + -134).
2, 17
Let l be (-2)/((-9)/11 - -1). Let b = -6 - l. Let g(s) = -s**3 + 4*s**2 + 5*s + 5. What are the prime factors of g(b)?
5
Let u = 61 + 4. Suppose 0 = 3*q + 5*k + 35, u = -5*q - 7*k + 2*k. Let r = 27 + q. What are the prime factors of r?
2, 3
Let p = -2 + 0. Let f = 0 - p. Let d = f + 5. List the prime factors of d.
7
Let t(h) = -57*h**3 - 2*h**2 + 1. What are the prime factors of t(-1)?
2, 7
Let t be 0/(-2) - -3 - -1. Suppose -p - 1 = -0, 4*p = t*l. Let b = l + 13. What are the prime factors of b?
2, 3
Let g = -7 - -12. 